rue
Is 22293523 a composite number?
True
Is 427956505 prime?
False
Is 92134411 a composite number?
False
Is 9648349 composite?
True
Is 227175587 a composite number?
False
Is 2006549 a prime number?
True
Is 495269 a composite number?
False
Is 6854921 a composite number?
False
Is 69911669 prime?
True
Is 1417123 a prime number?
True
Is 96245 composite?
True
Is 2149753 a composite number?
True
Is 2108497 a composite number?
False
Is 23871203 composite?
False
Is 1723717 a prime number?
False
Is 123581 a composite number?
False
Is 3440561 a composite number?
False
Is 7837637 prime?
False
Is 4107595 prime?
False
Is 31223021 composite?
False
Is 117048557 a prime number?
True
Is 3095861 composite?
True
Is 326519 a prime number?
False
Is 11256997 prime?
True
Is 3750779 prime?
False
Is 105858047 composite?
True
Is 17112119 composite?
True
Is 118898149 prime?
True
Is 13136021 a prime number?
False
Is 1106311 composite?
False
Is 3442847 a prime number?
False
Is 6916387 prime?
True
Is 606726749 composite?
True
Is 23041651 a prime number?
True
Is 61646603 a prime number?
True
Is 378961387 a prime number?
False
Is 11391899 a prime number?
True
Is 5182867 a composite number?
False
Is 30513397 a prime number?
False
Is 7606619 prime?
True
Is 445603 composite?
True
Is 12434579 a prime number?
True
Is 49825583 a composite number?
False
Is 652592001 a prime number?
False
Is 12614509 a prime number?
True
Is 8847419 a composite number?
True
Is 10996823 a composite number?
False
Is 380382943 a composite number?
False
Is 17735273 prime?
False
Is 23129963 a prime number?
True
Is 1791241 prime?
False
Is 633079 a prime number?
True
Is 7789747 composite?
True
Is 451448633 composite?
True
Is 4223993 a prime number?
True
Is 1970597 composite?
False
Is 2929726 prime?
False
Is 230182789 composite?
False
Is 2319799 composite?
True
Is 4071229 a prime number?
False
Is 249437063 a prime number?
True
Is 82101659 prime?
True
Is 1764743 a prime number?
True
Is 27316435 a composite number?
True
Is 148054514 prime?
False
Is 15741665 prime?
False
Is 150332353 composite?
False
Is 33958289 a composite number?
False
Is 135739 a composite number?
True
Is 323330577 prime?
False
Is 2035343 a composite number?
False
Is 2725759 composite?
True
Is 744984461 prime?
False
Is 138772421 a composite number?
False
Is 30064249 composite?
True
Is 2928727 prime?
False
Is 58107331 a composite number?
True
Is 11835767 a composite number?
False
Is 31030157 a composite number?
False
Is 35934359 a composite number?
True
Is 2142499 prime?
True
Is 10913311 a prime number?
True
Is 699727 composite?
True
Is 257431697 a composite number?
True
Is 23056307 a composite number?
True
Is 20947049 prime?
False
Is 24348563 a composite number?
False
Is 11939881 a prime number?
True
Is 76687703 a prime number?
True
Is 2476451 a prime number?
True
Is 274579 prime?
True
Is 508433 prime?
True
Is 112506313 a composite number?
False
Is 10751353 a composite number?
False
Is 10523147 a composite number?
True
Is 24660703 composite?
False
Is 235080841 a composite number?
True
Is 7359713 a prime number?
True
Is 5018857 composite?
True
Is 15641911 prime?
True
Is 14569565 composite?
True
Is 78310189 a prime number?
True
Is 413389 composite?
True
Is 223304047 a prime number?
True
Is 59112951 prime?
False
Is 20308399 prime?
False
Is 38057453 prime?
False
Is 66797 composite?
False
Is 1758347 composite?
False
Is 8592043 a prime number?
True
Is 91691129 a prime number?
False
Is 28046423 composite?
False
Is 1318409 composite?
False
Is 411766291 composite?
True
Is 409573 composite?
False
Is 585349 prime?
False
Is 1462991 a composite number?
True
Is 11480531 a composite number?
False
Is 18038623 prime?
False
Is 47930821 a prime number?
True
Is 4501501 a prime number?
False
Is 37683923 a prime number?
True
Is 9520089 prime?
False
Is 381737 a prime number?
True
Is 3399127 a prime number?
True
Is 87307039 prime?
False
Is 6930097 a composite number?
True
Is 24820297 composite?
True
Is 2940043 a composite number?
False
Is 277821953 a prime number?
True
Is 3603169 a composite number?
False
Is 69431203 a prime number?
False
Is 42953063 a prime number?
True
Is 863803 prime?
True
Is 255963557 composite?
False
Is 206062903 prime?
False
Is 129744341 a composite number?
True
Is 163003031 prime?
True
Is 4209559 a prime number?
True
Is 1220099 composite?
False
Is 68057359 prime?
True
Is 13330439 composite?
False
Is 516608861 a prime number?
False
Is 365979389 a composite number?
True
Is 4480951 composite?
False
Is 818148439 prime?
False
Is 2211161 composite?
False
Is 421384753 a prime number?
True
Is 172389617 a prime number?
True
Is 243354466 prime?
False
Is 467969 a composite number?
True
Is 55311083 a prime number?
False
Is 17519543 a composite number?
False
Is 3537761 a composite number?
True
Is 4798163 a prime number?
True
Is 197274589 composite?
False
Is 7574903 composite?
True
Is 9544706 a composite number?
True
Is 4428373 a prime number?
False
Is 138258881 prime?
True
Is 64466891 composite?
False
Is 1367549 composite?
True
Is 8900569 prime?
False
Is 253107411 prime?
False
Is 21764507 prime?
False
Is 20665063 prime?
False
Is 8195801 a composite number?
False
Is 2056777 composite?
False
Is 15125423 composite?
False
Is 3944705 a prime number?
False
Is 31289171 prime?
False
Is 19017191 composite?
False
Is 515797 a prime number?
False
Is 83681243 composite?
True
Is 1633691 a composite number?
False
Is 403691 a composite number?
True
Is 277940693 a composite number?
False
Is 172783759 a composite number?
False
Is 57644395 a prime number?
False
Is 2832701 a composite number?
False
Is 25497529 a prime number?
False
Is 617311 a composite number?
False
Is 7610947 a composite number?
False
Is 26905913 prime?
True
Is 25063783 a composite number?
True
Is 37887169 composite?
True
Is 17422553 a prime number?
False
Is 25125197 composite?
False
Is 637853 prime?
False
Is 18756421 composite?
False
Is 16865279 prime?
False
Is 1896833 a composite number?
True
Is 7864573 a composite number?
False
Is 1557739 composite?
True
Is 15292483 a prime number?
False
Is 134729989 a composite number?
True
Is 898699 a composite number?
True
Is 1719303 composite?
True
Is 2751149 a prime number?
False
Is 34762249 prime?
False
Is 1988689 a composite number?
False
Is 333169 a prime number?
False
Is 3235543 composite?
False
Is 24439 a composite number?
False
Is 89846195 a prime number?
False
Is 5951129 a composite number?
True
Is 17076349 prime?
True
Is 14097559 a prime number?
False
Is 8189051 a prime number?
False
Is 404091257 composite?
False
Is 7564829 a composite number?
True
Is 8092541 a prime number?
True
Is 109810589 a prime number?
False
Is 50695181 a composite number?
False
Is 39347999 composite?
False
Is 4816103 composite?
False
Is 944779 composite?
True
Is 101129771 a prime number?
False
Is 32461901 prime?
False
Is 436201846 a composite number?
True
Is 108529 a composite number?
False
Is 10960133 composite?
True
Is 235409389 composite?
False
Is 71826523 a composite number?
False
Is 111973 composite?
False
Is 6336011 a prime number?
False
Is 51215023 a composite number?
True
Is 20652469 a composite number?
True
Is 18525887 a composite number?
False
Is 154232713 prime?
False
Is 2629709 prime?
False
Is 565918 composite?
True
Is 1678921 prime?
True
Is 1731721 a composite number?
False
Is 360569207 a prime number?
True
Is 13090129 composite?
True
Is 29998009 a composite number?
True
Is 9528829 a composite number?
False
Is 2504221 a prime number?
False
Is 204481 a composite number?
False
Is 224215861 a composite number?
False
Is 3244519 a composite number?
False
Is 125046829 prime?
False
Is 16748489 prime?
False
Is 6355483 composite?
True
Is 207938513 a prime number?
True
Is 6074095 prime?
False
Is 213041 a prime number?
False
Is 96211033 composite?
False
Is 7882851 composite?
True
Is 14416849 a composite number?
False
Is 2800067 prime?
False
Is 110409731 prime?
True
Is 543016037 prime?
True
Is 41655703 prime?
True
Is 11795062 prime?
False
Is 177369739 a composite number?
False
Is 31071917 a prime number?
True
Is 252502361 a prime number?
False
Is 110885117 prime?
False
Is 52135561 prime?
True
Is 10197071 composite?
False
Is 3559837 a prime number?
False
Is 2689941 prime?
False